 is divided by 65.
62
Calculate the remainder when 2792 is divided by 685.
52
Calculate the remainder when 38323 is divided by 841.
478
What is the remainder when 664199 is divided by 48?
23
What is the remainder when 1865 is divided by 219?
113
What is the remainder when 78955 is divided by 194?
191
Calculate the remainder when 21988 is divided by 2.
0
What is the remainder when 8055 is divided by 60?
15
Calculate the remainder when 3262 is divided by 319.
72
Calculate the remainder when 127880 is divided by 63936.
8
What is the remainder when 237312 is divided by 79048?
168
Calculate the remainder when 3012 is divided by 222.
126
Calculate the remainder when 75098 is divided by 20.
18
Calculate the remainder when 27180 is divided by 3020.
0
Calculate the remainder when 96873 is divided by 897.
894
What is the remainder when 56476 is divided by 256?
156
What is the remainder when 37720 is divided by 1397?
1
What is the remainder when 5241 is divided by 219?
204
Calculate the remainder when 12327 is divided by 52.
3
Calculate the remainder when 16598 is divided by 40.
38
Calculate the remainder when 135263 is divided by 97.
45
Calculate the remainder when 73697 is divided by 8183.
50
What is the remainder when 19438 is divided by 6297?
547
What is the remainder when 62916 is divided by 657?
501
What is the remainder when 66572 is divided by 212?
4
What is the remainder when 2998 is divided by 48?
22
What is the remainder when 609001 is divided by 20?
1
What is the remainder when 995 is divided by 221?
111
What is the remainder when 946233 is divided by 67?
59
What is the remainder when 2009 is divided by 53?
48
Calculate the remainder when 23364 is divided by 5841.
0
What is the remainder when 1865 is divided by 1774?
91
What is the remainder when 3130 is divided by 504?
106
What is the remainder when 2161 is divided by 588?
397
Calculate the remainder when 9802 is divided by 21.
16
What is the remainder when 623 is divided by 134?
87
Calculate the remainder when 511879 is divided by 354.
349
What is the remainder when 21246 is divided by 685?
11
What is the remainder when 61894 is divided by 362?
354
What is the remainder when 1247 is divided by 397?
56
What is the remainder when 3472 is divided by 503?
454
Calculate the remainder when 35902 is divided by 17944.
14
Calculate the remainder when 10586 is divided by 4.
2
What is the remainder when 28160 is divided by 1126?
10
Calculate the remainder when 7963 is divided by 67.
57
Calculate the remainder when 8356 is divided by 847.
733
Calculate the remainder when 2389 is divided by 488.
437
Calculate the remainder when 6660 is divided by 28.
24
Calculate the remainder when 109140 is divided by 121.
119
Calculate the remainder when 44758 is divided by 91.
77
Calculate the remainder when 9842 is divided by 44.
30
Calculate the remainder when 18011 is divided by 8989.
33
Calculate the remainder when 24215 is divided by 25.
15
What is the remainder when 11648 is divided by 5800?
48
Calculate the remainder when 908 is divided by 443.
22
Calculate the remainder when 34561 is divided by 27.
1
What is the remainder when 445 is divided by 142?
19
Calculate the remainder when 2753 is divided by 443.
95
Calculate the remainder when 6749 is divided by 43.
41
What is the remainder when 5340018 is divided by 1780005?
3
Calculate the remainder when 7097 is divided by 37.
30
What is the remainder when 3336 is divided by 22?
14
Calculate the remainder when 22905 is divided by 739.
735
Calculate the remainder when 12766 is divided by 689.
364
Calculate the remainder when 112737 is divided by 166.
23
What is the remainder when 81463 is divided by 135?
58
What is the remainder when 91044 is divided by 1035?
999
What is the remainder when 232201 is divided by 46417?
116
What is the remainder when 3576 is divided by 735?
636
What is the remainder when 599 is divided by 41?
25
What is the remainder when 1248153 is divided by 166?
165
Calculate the remainder when 4826 is divided by 300.
26
What is the remainder when 97528 is divided by 30?
28
Calculate the remainder when 2014907 is divided by 332.
331
What is the remainder when 6641 is divided by 64?
49
What is the remainder when 72830 is divided by 52?
30
What is the remainder when 35230 is divided by 6?
4
What is the remainder when 27212 is divided by 5442?
2
Calculate the remainder when 6705 is divided by 3348.
9
What is the remainder when 28295 is divided by 14145?
5
What is the remainder when 11996 is divided by 2701?
1192
What is the remainder when 53094 is divided by 313?
197
What is the remainder when 3452 is divided by 678?
62
What is the remainder when 8077 is divided by 325?
277
Calculate the remainder when 1077398 is divided by 344.
334
What is the remainder when 1801 is divided by 356?
21
Calculate the remainder when 232895 is divided by 170.
165
Calculate the remainder when 2720845 is divided by 550.
545
What is the remainder when 3276 is divided by 316?
116
Calculate the remainder when 1166 is divided by 311.
233
Calculate the remainder when 19537 is divided by 320.
17
What is the remainder when 1241 is divided by 630?
611
What is the remainder when 11965 is divided by 829?
359
What is the remainder when 4137 is divided by 221?
159
What is the remainder when 1867 is divided by 185?
17
Calculate the remainder when 190037 is divided by 65.
42
Calculate the remainder when 100367 is divided by 1454.
41
What is the remainder when 22432 is divided by 11204?
24
Calculate the remainder when 90766 is divided by 67.
48
Calculate the remainder when 1423967 is divided by 21.
20
What is the remainder when 644239 is divided by 25769?
14
What is the remainder when 367940 is divided by 10219?
56
What is the remainder when 14796 is divided by 16?
12
Calculate the remainder when 3015 is divided by 558.
225
Calculate the remainder when 304086 is divided by 208.
198
Calculate the remainder when 225982 is divided by 49.
43
Calculate the remainder when 1469601 is divided by 29.
26
What is the remainder when 7263 is divided by 119?
4
Calculate the remainder when 52484 is divided by 72.
68
Calculate the remainder when 18561 is divided by 1236.
21
What is the remainder when 6942 is divided by 823?
358
Calculate the remainder when 16319 is divided by 133.
93
What is the remainder when 2410 is divided by 602?
2
Calculate the remainder when 10228 is divided by 23.
16
Calculate the remainder when 34776 is divided by 17181.
414
Calculate the remainder when 929 is divided by 11.
5
Calculate the remainder when 3886 is divided by 334.
212
Calculate the remainder when 132770 is divided by 235.
230
What is the remainder when 79186 is divided by 10?
6
What is the remainder when 28619 is divided by 270?
269
Calculate the remainder when 12920 is divided by 12889.
31
Calculate the remainder when 14361 is divided by 1104.
9
Calculate the remainder when 1699 is divided by 42.
19
Calculate the remainder when 122222 is divided by 16.
14
What is the remainder when 1030175 is divided by 252?
251
Calculate the remainder when 61952 is divided by 193.
192
What is the remainder when 5599 is divided by 1334?
263
What is the remainder when 1715722 is divided by 18?
16
Calculate the remainder when 513731 is divided by 96.
35
What is the remainder when 58174 is divided by 639?
25
What is the remainder when 8409 is divided by 322?
37
What is the remainder when 2121 is divided by 1053?
15
What is the remainder when 910689 is divided by 246?
243
Calculate the remainder when 10344 is divided by 1724.
0
Calculate the remainder when 1961183 is divided by 186.
185
What is the remainder when 5594 is divided by 2051?
1492
Calculate the remainder when 25251 is divided by 140.
51
Calculate the remainder when 12327 is divided by 10.
7
Calculate the remainder when 2307 is divided by 10.
7
What is the remainder when 901 is divided by 375?
151
What is the remainder when 58442 is divided by 245?
132
Calculate the remainder when 830176 is divided by 1612.
1608
Calculate the remainder when 13294275 is divided by 1909.
1908
Calculate the remainder when 48201 is divided by 16.
9
What is the remainder when 1181 is divided by 75?
56
Calculate the remainder when 16298 is divided by 627.
623
Calculate the remainder when 706